*d + 12, -26 = -3*i - 4*d. Suppose -2*c - 27*k = -23*k - 4362, 2*k = i. Is c composite?
False
Suppose -9*h + 18818 = 503. Let a = 24 + h. Is a composite?
True
Let x(s) = 261*s**2 - 5. Let k(c) = -c**2 - 11*c + 10. Suppose -5*r + 25 = 0, -3*z = -0*z - 3*r + 51. Let j be k(z). Is x(j) a composite number?
False
Suppose -3*y + 2*c + 23587 - 6380 = 0, 3*y - 17172 = -3*c. Is y a prime number?
False
Suppose -2*u - 60 = 3*y - y, -5*y + 5*u - 170 = 0. Let r be 3/(2/(y/(-12))). Let p(d) = 12*d**2 + 4*d - 5. Is p(r) a prime number?
False
Let m = -186662 - -1034797. Is m prime?
False
Let t be 0/((-3 - -2)*(2 + -1)). Suppose -2*u + t*u + 1738 = 0. Is u prime?
False
Suppose 13*r - 39976 - 122446 = 0. Is r composite?
True
Suppose -3*i = -j - 1424, 0 = -2*i + 6*i + 4*j - 1872. Suppose 5*y = 5*k - 2950, k - i = -y + 121. Suppose -19*m = -3*m - k. Is m a prime number?
True
Let w = 739 - 734. Suppose 3*d = -4*a + 4783, -w*a + 9*a + 1621 = d. Is d a composite number?
False
Suppose -m + 254739 = 3*r, 0 = 7*r - 0*r + 2*m - 594391. Is r a composite number?
False
Let u(h) = -h**3 - 12*h**2 - 30*h - 35. Let k be u(-11). Suppose -k*p - 1513 = -175*p. Is p composite?
True
Suppose -5*n + 43 = -a - 122, -5*n - 3*a = -145. Is 9/(-24) + 278636/n prime?
True
Suppose 0 = 20*z - 25*z + 25. Suppose -6*c - 25023 = -10*c - u, -z*c + 2*u = -31295. Is c a composite number?
False
Suppose x - 813 = -3*w - 169, -3*x + 3*w = -1980. Let o = 1032 + x. Is o/3 - (-15)/45 prime?
True
Suppose -115*j + 96*j + 2257903 = 0. Is j a prime number?
False
Let z(h) = -2 - 11*h**3 + 4*h**3 - 104*h**3. Is z(-1) prime?
True
Let o be -3*(0 - 1)*1. Let s be 14/105*4542 - 6/(-15). Suppose s - 237 = 4*r - 3*u, 0 = r + o*u - 96. Is r composite?
True
Let t = 775 - 760. Suppose 0 = -11*z + t*z - 1484. Is z a composite number?
True
Suppose -5*x = k - 11030, -4*x = -0*k - k - 8824. Suppose 1586 + x = 2*t. Let r = 293 + t. Is r composite?
True
Let w = 922 - 518. Suppose -11*g = -9*g + 3*i - 6, 5*i = -2*g + 6. Suppose -g*c + w + 14 = -l, 5*c - 720 = -3*l. Is c a composite number?
True
Let n(z) = 2*z**3 - 68*z**2 - 31*z - 30. Let u be n(25). Let r = u + 17612. Is r a composite number?
False
Suppose -40*z = 14*z - 987642 - 1303740. Is z a composite number?
False
Let c = 10772 + -18616. Let u = c - -12889. Suppose 2526 = 2*z + 4*l - 0*l, -4*z + u = l. Is z composite?
True
Suppose 0 = -3*i - 9*h + 5*h + 3213955, -3*i + 3213948 = 3*h. Is i a prime number?
False
Is 1406862/36*(-14)/(-3) a prime number?
False
Let s(b) = 66*b**3 + 67*b**2 - 891*b - 37. Is s(12) prime?
True
Suppose -4*t + 8 = -0*t, 10 = 4*r - 3*t. Suppose 0*l + 248 = -r*l. Is l*(55/(-2))/5 a prime number?
False
Suppose -3*x + 593 - 599 = 0. Is -37*(-3 + -300 - (-8)/x) prime?
False
Let f(g) = -g + 5. Let r be f(-4). Suppose 5*t - 4*b = -r*b + 2510, 0 = 4*t - 3*b - 1973. Is t composite?
True
Let i be 3*(7 + -4)/3. Suppose i*l - v - 10707 = 5814, -2*v = 0. Is l a composite number?
False
Let b(z) = 140723*z**2 + 13*z + 7. Is b(-1) a prime number?
True
Let k be (-1 - -3)/4*(-468 - -2). Let j = -312 + k. Let y = 996 + j. Is y a composite number?
True
Let j = 233498 - 158347. Is j a prime number?
False
Suppose -11*n + 396540 = 25*n. Is n composite?
True
Let r = -185 + 155. Let h be ((-2)/(-4))/((-3)/(-678)). Let i = r + h. Is i composite?
False
Suppose i - 5*x - 61124 = 0, 3*i + 4*x - 2152 = 181277. Is i a composite number?
True
Suppose -3*d + 106 + 53 = 0. Suppose 3*i = 101 - d. Suppose -i*w = -30221 + 9789. Is w a prime number?
True
Suppose -6228060 = -77*u + 17*u. Is u composite?
False
Let u(v) = 3299*v - 1964. Is u(87) a prime number?
True
Suppose -3*r + 1 = -17. Suppose -2*y = -2, r*k = 2*k + 4*y + 4. Suppose -2*b + 1654 = 4*o, 2*b = -k*b + 4. Is o composite?
True
Suppose 16*k - 32816 = -0*k. Suppose 8*z + k = 15*z. Is z prime?
True
Let z(f) = f**3 + 7*f**2 - 2*f - 13. Let q be z(-7). Let p be ((-660)/(-77))/(q/(-7)). Is -3*4/(p/11065) composite?
False
Is (7 - 2)*236388/60 a prime number?
True
Let w(r) = -35*r**3 + 9*r**2 - 20*r - 14. Let h be w(-9). Suppose 0 = 19*j - 29*j + h. Is j a composite number?
True
Suppose w - 2*n - 91911 = 0, -4*n = -w + 59597 + 32316. Is w composite?
False
Let o(j) = 739*j**3 + 76*j**2 - 7*j - 131. Is o(12) prime?
False
Let v = 11753 - -21240. Is v composite?
False
Let r(m) = -56*m - 182. Let l be r(13). Let a = l - -5631. Is a a composite number?
False
Let v(t) = 1151*t**2. Let h be 18/(-45) + ((-56)/(-10))/4. Is v(h) composite?
False
Let f(q) = -13507*q**3. Let d be (-1)/5 - 24/30. Is f(d) a prime number?
False
Let i(g) = -7*g - 26. Let z be 5 + 0 + -18 + 9. Let y be i(z). Let v(b) = 151*b - 11. Is v(y) a composite number?
True
Let q(y) = 3*y + 11. Let v be q(3). Suppose -3*b = 5*x - 36, 4*b = -4*x + 4 + v. Is 2980/x - 4/36 prime?
True
Suppose 28*a = -253800 + 1572908. Is a a composite number?
False
Let q(l) = -l**3 + 12*l**2 + 12*l + 13. Let j be q(13). Suppose -2*a + 4*k + 1768 = j, 3*a - k = -0*k + 2677. Suppose 6*f - 1344 = a. Is f a prime number?
True
Let j(t) = 11*t**2 + 144*t + 75. Suppose 3 = k + 4*s, -3*s + 63 = -4*k - 4*s. Let l(n) = -4*n**2 - 48*n - 25. Let b(a) = k*l(a) - 6*j(a). Is b(31) prime?
True
Let p = 9994 - 6829. Let b(c) = c**3 - 27*c**2 + 23*c + 90. Let o be b(26). Suppose 0 = 9*k - o*k + p. Is k prime?
False
Let f = 11426 + -3823. Is f a prime number?
True
Suppose -2*j = -30*j + 234136. Suppose -3*y + 8366 = m, -3*y - 3*m + j = 2*m. Is y composite?
False
Is -9 + -3 - -1 - -74626 composite?
True
Let d(t) = -1469 + 1667*t**2 + 1466 - 4*t - 11*t**2. Is d(-1) prime?
True
Let z(a) = 13140*a + 71. Let n(w) = -6572*w - 35. Let p(f) = 7*n(f) + 4*z(f). Is p(1) a prime number?
False
Let f = -32 + 53. Let p(z) be the third derivative of -z**6/120 + 11*z**5/30 - 13*z**4/24 - 13*z**3/3 - 58*z**2. Is p(f) a prime number?
False
Let d(m) = 2*m**2 - 23*m - 5. Let t be d(9). Is (-148)/(-6)*(-3525)/t a composite number?
True
Suppose 23 = 2*j + 29. Let y be (-12)/78 + ((-813987)/39)/j. Let l = y - 4742. Is l prime?
False
Suppose -45*g - 229381 + 2520986 = -949025. Is g a composite number?
True
Is ((1088/(-51))/32)/((-2)/105423) a prime number?
True
Let m = 20483 + -1516. Suppose 5*x = 12*c - 11*c + m, -5*x = -2*c - 18969. Is x a prime number?
True
Let x = 20874 + 18625. Is x prime?
True
Let h(v) = 45*v**2 + 4*v + 28. Let n(t) = -3*t**2 - 32*t - 11. Let m be n(-10). Is h(m) a prime number?
True
Let q(y) = 583*y**2 - y - 2. Let o be q(2). Let c = -1247 + o. Is c composite?
True
Let s = 3 + 66. Suppose 3*w - s = -3*k, -k = 4*w + k - 86. Suppose -5*l + w = 0, -3*x - 2*x = 5*l - 1925. Is x prime?
False
Let o = -370192 + 648974. Suppose 12*b - 26*b = -o. Is b prime?
True
Suppose -5*x + 2*n = -977133, -x - 5*n + 191978 = -3454. Is x composite?
False
Let w(a) = 525*a + 56. Let t(q) = -525*q - 59. Let p(h) = -4*t(h) - 3*w(h). Is p(23) composite?
False
Let i(k) = -29*k**3 - 10*k**2 + 29*k - 52. Let f(y) = -19*y**3 - 7*y**2 + 19*y - 35. Let v(z) = 7*f(z) - 5*i(z). Is v(8) prime?
False
Suppose -15 = -5*p, 10*i - p + 2928 = 15*i. Is 53/(-5*(-9)/i) a composite number?
True
Let n(c) = 3 + c**2 + 6*c + 5*c - 6*c. Let j be n(-4). Is (-1)/(5/(-410)) - j prime?
True
Let r be (32/6 - 6) + (-11)/(-3). Suppose 0*o = -r*o, 4*o - 10240 = 4*b. Is b/(-10) + (-10)/2 composite?
False
Let g be (-6 - (-4 - 2)) + 1. Is 4 + (-8429)/(-6) - g/(-6) prime?
True
Suppose -195*q = -198*q + 123042. Is q prime?
False
Let j(i) = -13947*i - 10028. Is j(-47) composite?
False
Let w = -3315450 - -5575599. Is w a composite number?
True
Suppose 2*c = 217 + 407. Let k = c - 179. Let x = k + -42. Is x composite?
True
Suppose -v + 10 = h, -20 = 3*h - 5*v - 10. Suppose -136*k + h*j + 11606 = -134*k, 5*j + 5803 = k. Is k a prime number?
False
Let w be 16/64*(-2 + 10). Suppose a - 34327 = w*g - 4*g, a - 3*g = 34312. Is a a prime number?
False
Is (2 - 1) + (-15)/13 + 12816830991/51987 a composite number?
False
Let p(l) = -211*l - 37. Let a be p(-5). Suppose 0 = -i + 4*n + 721, 4*n + 1177 + a = 3*i. Is i a prime number?
False
Let b(q) = 57*q**2 + 28*q - 15. Let k be b(-15). Let a = k + -6003. Is a a composite number?
True
Let g = -256 - -403. Is 8400/g - (2/7)/2 a composite number?
True
Suppose -54*r + 38*r + 7460176 = 0. Is r prime?
True
Let k(x) = -18*x + 1 - 73*x + 53*x. 